Let z be (1 + -9)/(966/(-245) + 4). Let v(y) = y**3 - 12*y**2 - 13*y - 21. Let r be v(14). Let c = z + r. What is the remainder when 342 is divided by c?
48
Let q(y) = -98*y + 2556. Calculate the remainder when q(20) is divided by 195.
11
Let h = -13 + -15. Let n = h - -34. Suppose 11*a - 63 = 245. What is the remainder when a is divided by n?
4
Let s = -24 + 20. Let c(q) = -2*q**2 - 9*q + 5. Calculate the remainder when s/6 + (-159)/(-9) is divided by c(-4).
8
Suppose 107 - 317 = -2*g. Let a(r) = 52*r**3 + 6*r**2 + 9*r + 4. Let b be a(-2). Calculate the remainder when g is divided by (6/7)/(b/(-196) + -2).
9
Suppose 207*n + 5*g = 210*n - 11, -3*g - 5 = -n. What is the remainder when 25 is divided by n?
1
Let w = 54 + -35. Calculate the remainder when (-2 + 144/60)*50 is divided by w.
1
Suppose -21*r = -17*r - 80. Let v be -36*((-16)/15 + 8/r). Let c = v + -10. What is the remainder when 52 is divided by c?
10
Let g(k) = 12*k - 5*k - k - 7*k - 1. Let l be g(-1). Let i = 34 + l. Calculate the remainder when i is divided by 5.
4
Calculate the remainder when 293 is divided by (-15 - -98) + (1 - 10).
71
Suppose 102 = -f + 3*f. Suppose -9*t + 21 = -96. Let a = t - 4. Calculate the remainder when f is divided by a.
6
Let u(f) = f**3 + 9*f**2 - 10*f - 127. What is the remainder when 448 is divided by u(-7)?
38
Let p be ((-10)/6)/(8/48). Let h = p - -3. Let y(r) = -r**3 - 9*r**2 - 17*r - 2. What is the remainder when 56 is divided by y(h)?
18
Let g = -8025 + 8383. What is the remainder when g is divided by 19?
16
Let i(f) = -2*f**3 + 26*f**2 - 28*f + 277. Let k = -114 + 174. Calculate the remainder when i(12) is divided by k.
49
Let a = -347 - -260. Calculate the remainder when 37 is divided by a/36*-3 - (-11)/(-44).
2
Let c(k) = k**3 + 6*k**2 + 3*k + 14. Let v be c(-5). Suppose m = -3*r + 15, 3*r - 2*m + 0*m = v. What is the remainder when (-2 + 1)/(3/(-33)) is divided by r?
5
Let n = 144 + -152. Let j = n + 58. Calculate the remainder when 145 is divided by j.
45
Let o = 883 + -515. Let f = o - 360. Calculate the remainder when 149 is divided by f.
5
Let i(d) = 156*d - 2. Calculate the remainder when i(1) is divided by 4/(-3)*12/(-24)*837/18.
30
Suppose 0 = 21*r + 294 - 344 - 769. Suppose 4*w + a + a - 298 = 0, a + 1 = 0. Calculate the remainder when w is divided by r.
36
Let i(f) = f + 11. Let t be i(-7). Let m be -4*(-6)/t*23. Suppose m = 32*k - 29*k. What is the remainder when k is divided by 10?
6
Let w = 1369 - 893. What is the remainder when w is divided by 16?
12
Let l(n) = -20*n - 18. Let u be l(14). Let r = 463 + u. Suppose -24 = -3*p + p. What is the remainder when r is divided by p?
9
Suppose 2364*i - 2724 = 2358*i. What is the remainder when i is divided by 117?
103
Let b = 33 + -19. Calculate the remainder when b is divided by ((-225)/180)/(2/(-8)).
4
Suppose 20*l - 8277 = 1509 + 3294. What is the remainder when l is divided by 29?
16
Let p = -4710 - -4798. What is the remainder when p is divided by 39?
10
Let y be (6/(-4) + 1)*1*0. Suppose -10*m + 4412 - 1362 = y. What is the remainder when m is divided by 18?
17
Suppose -3 = -k - 0. Let i be (0 + 2/3)*(-27)/k. Calculate the remainder when 59 is divided by ((-10)/i)/((-25)/(-6) + -4).
9
Let x be (-2 + 3 - -1)*29/2. Let u(y) = y**3 + 5*y - 7*y**2 + 13*y - x + 19 + 19*y**2. Calculate the remainder when 47 is divided by u(-10).
7
Suppose 3*i = 5*i - 326. Let g(t) = 4391*t + 52783. Calculate the remainder when i is divided by g(-12).
72
Let i = 5741 - 5472. Calculate the remainder when 3765 is divided by i.
268
Let t = -44 + 71. Calculate the remainder when (4 + 19)/((-2)/(-8)) is divided by 6/t - (-3368)/72.
45
Let r be 36/10 - (-4)/10. Suppose 8 + r = 3*q. Suppose -77 = -2636*c + 2625*c. Calculate the remainder when c is divided by q.
3
Let g(s) = -s**3 + 9*s**2 + 29*s + 6. Let u be g(9). Suppose 5*t = -3*v + 414, -v - u = -5*t + 155. What is the remainder when t is divided by 24?
12
Let a = 5852 + -5455. Calculate the remainder when a is divided by 194.
9
Suppose 330*l - 157147 = 361512 - 48409. What is the remainder when l is divided by 44?
17
Suppose 0 = -17*r - 32 - 342. Let k(d) = -4*d**3 - 90*d**2 - 44*d + 14. Calculate the remainder when 78 is divided by k(r).
8
Suppose -11*r + 15*r - 2382 = -3*g, -5*r - 4*g + 2976 = 0. What is the remainder when r is divided by 145?
20
Suppose 5*k + 0*u + 30 = -5*u, 5*k - 5*u = 20. Let q(h) = -362*h - 2130. What is the remainder when q(-6) is divided by (-1)/((2/22)/k)?
9
Suppose 2*g = 3*o - 29, -g + 3 = -4*o + 5*o. Let n = 594 - 590. Suppose -4*i - n*z + 12 = 0, -34 = -3*i + z + z. Calculate the remainder when i is divided by o.
1
Suppose 18 - 2 = 4*v. Suppose k = -3 + v. What is the remainder when k*2 + (18 - 4 - 2) is divided by 6?
2
Suppose -4*t - 25*x + 794 = -23*x, t + 5*x - 158 = 0. What is the remainder when 1234 is divided by t?
16
Let j(x) = x - 4. Let z be (16/(-20))/((-4)/30). What is the remainder when -1*75/(-12) - (-2)/(-8) is divided by j(z)?
0
Let a = 18 + 7. Suppose -5*b - y + 83 = 0, 3*b - y + 2*y - 49 = 0. Suppose 0 = -b*s + 27*s - 90. What is the remainder when a is divided by s?
7
Let j(i) = 3*i**2 - 9*i + 6. Let z be j(3). Let c be 0 - (-3)/z*4. What is the remainder when 416/14 - c*(-1)/7 is divided by 9?
3
Let i = -462 - -581. Suppose 13*k - 144 = k. Calculate the remainder when i is divided by k.
11
Let h = -1423 + 1534. What is the remainder when h is divided by 16?
15
Let v = 12 - 7. Suppose 0 = 36*y - 83*y + 41*y. Suppose 31*a - 39 = 29*a - p, y = 2*a + 4*p - 48. What is the remainder when a is divided by v?
3
Let m(g) = 2*g**3 + 21*g**2 + 15*g + 50. Let n be m(-10). Suppose -8*s - 5*u = -4*s - 247, -5*s + 2*u + 350 = n. Calculate the remainder when s is divided by 9.
5
Let s(m) = 222*m - 1185. Calculate the remainder when 753 is divided by s(7).
15
Let l(k) = 7*k**3 - 6*k**2 - 25*k - 37. What is the remainder when l(7) is divided by 24?
23
Let i = -17320 - -17604. Calculate the remainder when i is divided by 64.
28
Let i be (-114)/(-2) - (-19 + 17). Let l = 10 + i. Calculate the remainder when l is divided by 10.
9
Let w(o) = 89*o - 1674. Calculate the remainder when w(29) is divided by 3.
1
Let o be (-9)/2*(-4 - 368)/(-6). Let h = o + 347. What is the remainder when h is divided by 9?
5
Suppose 0 = -18*n + 16*n. Suppose 4*p + 20 = n, p - 88 = 4*y - 3*p. Let i = -19 - y. What is the remainder when 47 is divided by i?
7
Let a = -14267 + 14359. Suppose 5*v = 80 - 20. Calculate the remainder when a is divided by v.
8
Let x(n) = n**3 - 7*n**2 - 19*n + 14. Suppose -4*q = -2*r - 34 - 8, 5*r = -15. Calculate the remainder when 11 is divided by x(q).
1
Let z = 799 - 589. Calculate the remainder when z is divided by 37.
25
Let m(w) = w**3 - w**2 - w. Let u = 9 - 10. Let q(p) = -13*p**2 - 14*p - 15. Let s(k) = u*q(k) + m(k). Calculate the remainder when s(-10) is divided by 29.
27
Suppose 0 = 4*u + a + 2 - 5, 2*u = a + 9. Let b be 92/12*(u + 19). Let q = -120 + b. What is the remainder when q is divided by 15?
11
Let r be (-15)/5 - 40/5. Let g = 93 + r. Calculate the remainder when 571 is divided by g.
79
Suppose -4*b - 38 = -r - 0*b, 5*r = -5*b + 65. Calculate the remainder when (12 + -9 - 4) + 125 is divided by r.
16
Let n be 1 - (-820)/4 - (-26)/13. Suppose 0 = -36*m + 38*m - n. Calculate the remainder when m is divided by 18.
14
Let i = -15433 - -15534. What is the remainder when 155 is divided by i?
54
Let u(k) = -3*k - 11. Let i(a) = 5*a + 22. Let s(h) = 4*i(h) + 7*u(h). Calculate the remainder when 4 is divided by s(8).
1
Let j(m) = -m**2 - 444*m - 3869. Let h = 69 + -33. Suppose 3*v = -3*y + h, -2*v = 2*y + 2*y - 16. Calculate the remainder when j(-435) is divided by v.
14
Suppose 5852 = 72*t - 83*t. Let h = t - -552. Suppose -15 = 3*j, 134 = l - 0*l - 3*j. What is the remainder when l is divided by h?
19
Let w(t) = t**3 - 5*t**2 + 19*t - 45. Let p be w(13). What is the remainder when 40 is divided by ((-2)/(-6))/(-1) + p/126?
4
Calculate the remainder when 32 is divided by 405/10*38/57.
5
Calculate the remainder when (-63688)/(-76) - 30/2 is divided by 103.
102
Suppose 0 = -0*t - t + 17. Let y = -78 + 66. Let g = y - -61. Calculate the remainder when g is divided by t.
15
Let f(y) = -11*y**2 + 10*y + 5. Let p be 